e greatest common divisor of 900 and 1900?
100
What is the greatest common divisor of 144 and 9000?
72
What is the highest common factor of 68 and 15113?
17
What is the greatest common divisor of 20331 and 502?
251
Calculate the highest common factor of 64 and 464.
16
Calculate the greatest common divisor of 8 and 8.
8
Calculate the highest common factor of 45 and 171.
9
What is the highest common factor of 34 and 1462?
34
What is the highest common factor of 1349 and 284?
71
What is the greatest common divisor of 2142 and 630?
126
Calculate the greatest common factor of 1736 and 168.
56
Calculate the highest common divisor of 327 and 1199.
109
What is the greatest common factor of 78 and 2964?
78
Calculate the greatest common factor of 693 and 77.
77
Calculate the highest common factor of 578 and 170.
34
Calculate the greatest common factor of 783 and 29.
29
Calculate the highest common factor of 42 and 861.
21
What is the highest common factor of 117 and 3483?
9
Calculate the highest common factor of 900 and 60.
60
Calculate the highest common factor of 284 and 3834.
142
What is the highest common divisor of 131 and 2358?
131
Calculate the greatest common factor of 995 and 10.
5
What is the highest common factor of 19 and 969?
19
Calculate the highest common divisor of 15 and 54.
3
What is the highest common factor of 44 and 572?
44
Calculate the highest common factor of 300 and 2075.
25
What is the highest common factor of 13 and 637?
13
What is the greatest common divisor of 21 and 2793?
21
Calculate the highest common divisor of 17 and 1003.
17
Calculate the greatest common divisor of 284 and 52.
4
Calculate the highest common divisor of 720 and 15.
15
What is the greatest common factor of 60 and 255?
15
Calculate the greatest common factor of 646 and 238.
34
What is the greatest common divisor of 76 and 1786?
38
Calculate the greatest common factor of 84 and 28.
28
Calculate the greatest common divisor of 11912 and 8.
8
What is the highest common divisor of 8 and 148?
4
Calculate the highest common factor of 715 and 605.
55
Calculate the greatest common divisor of 56 and 1400.
56
What is the greatest common divisor of 48 and 208?
16
Calculate the greatest common factor of 6 and 204.
6
Calculate the greatest common divisor of 8415 and 90.
45
What is the greatest common factor of 217 and 203?
7
What is the highest common factor of 68 and 119?
17
Calculate the highest common factor of 3915 and 10.
5
Calculate the greatest common divisor of 33176 and 29.
29
Calculate the greatest common factor of 18 and 2448.
18
Calculate the greatest common divisor of 38 and 228.
38
What is the highest common divisor of 4010 and 50?
10
Calculate the highest common factor of 36 and 606.
6
Calculate the highest common factor of 25 and 70.
5
What is the highest common divisor of 208 and 1136?
16
Calculate the highest common factor of 60 and 12.
12
What is the greatest common factor of 156 and 2418?
78
Calculate the greatest common factor of 8299 and 43.
43
What is the highest common divisor of 420 and 1080?
60
What is the highest common divisor of 19 and 2641?
19
What is the highest common divisor of 2970 and 110?
110
What is the highest common factor of 8 and 7464?
8
What is the highest common divisor of 57 and 190?
19
What is the greatest common factor of 14704 and 8?
8
Calculate the highest common factor of 72 and 1116.
36
Calculate the highest common factor of 323 and 17.
17
Calculate the greatest common divisor of 141 and 235.
47
What is the highest common divisor of 171 and 9?
9
What is the greatest common factor of 5 and 2810?
5
What is the greatest common divisor of 12 and 3324?
12
What is the highest common factor of 576 and 72?
72
Calculate the highest common divisor of 7 and 11.
1
Calculate the highest common divisor of 5535 and 270.
135
Calculate the greatest common factor of 3 and 57.
3
What is the greatest common divisor of 220 and 980?
20
What is the greatest common divisor of 275 and 220?
55
What is the highest common divisor of 23036 and 13?
13
Calculate the highest common divisor of 72 and 64.
8
What is the greatest common divisor of 153 and 85?
17
What is the greatest common divisor of 26 and 44174?
26
What is the highest common factor of 166 and 3901?
83
What is the highest common factor of 117 and 26?
13
What is the highest common factor of 64 and 4960?
32
What is the highest common factor of 22 and 176?
22
What is the highest common factor of 651 and 21?
21
What is the greatest common divisor of 44 and 8?
4
What is the highest common divisor of 1764 and 624?
12
Calculate the greatest common divisor of 485 and 5.
5
What is the highest common divisor of 16 and 272?
16
Calculate the highest common factor of 784 and 48.
16
What is the highest common factor of 21 and 7?
7
Calculate the greatest common factor of 7 and 16.
1
Calculate the highest common divisor of 204 and 2091.
51
Calculate the highest common factor of 153 and 27.
9
What is the highest common factor of 423 and 517?
47
What is the highest common divisor of 27 and 2187?
27
What is the highest common divisor of 140 and 160?
20
Calculate the greatest common factor of 511 and 1168.
73
What is the greatest common divisor of 45 and 225?
45
What is the greatest common divisor of 260 and 52?
52
Calculate the greatest common divisor of 128 and 6192.
16
Calculate the highest common divisor of 6 and 774.
6
What is the highest common divisor of 64 and 1408?
64
What is the highest common divisor of 140 and 1060?
20
What is the highest common divisor of 700 and 20?
20
What is the highest common divisor of 2130 and 30?
30
What is the greatest common factor of 36 and 27516?
12
Calculate the highest common divisor of 22 and 7876.
22
Calculate the greatest common divisor of 517 and 423.
47
Calculate the highest common factor of 16 and 1.
1
What is the greatest common factor of 484 and 132?
44
Calculate the greatest common factor of 3380 and 3640.
260
Calculate the highest common factor of 5356 and 52.
52
Calculate the greatest common factor of 2457 and 91.
91
Calculate the highest common factor of 9 and 12.
3
What is the greatest common factor of 486 and 54?
54
Calculate the highest common divisor of 160 and 280.
40
What is the highest common divisor of 7922 and 51?
17
Calculate the highest common divisor of 40 and 260.
20
What is the highest common divisor of 1440 and 320?
160
Calculate the highest common factor of 288 and 24.
24
Calculate the greatest common divisor of 112 and 32.
16
What is the highest common divisor of 195 and 4745?
65
What is the greatest common factor of 72 and 20772?
36
Calculate the highest common factor of 16 and 428.
4
Calculate the highest common factor of 15308 and 344.
172
Calculate the highest common factor of 33 and 6.
3
What is the greatest common divisor of 9 and 27603?
9
What is the greatest common divisor of 4814 and 166?
166
What is the greatest common factor of 18 and 84?
6
What is the greatest common divisor of 942 and 24?
6
Calculate the greatest common divisor of 105 and 560.
35
Calculate the highest common divisor of 945 and 140.
35
Calculate the highest common factor of 222 and 148.
74
Calculate the highest common factor of 65 and 143.
13
Calculate the greatest common factor of 13585 and 11.
11
Calculate the greatest common factor of 1652 and 177.
59
What is the highest common divisor of 1420 and 940?
20
What is the highest common divisor of 186 and 54?
6
What is the highest common divisor of 204 and 192?
12
Calculate the greatest common factor of 90 and 144.
18
What is the highest common factor of 340 and 18?
2
Calculate the greatest common divisor of 45 and 2007.
9
Calculate the greatest common divisor of 20 and 210.
10
What is the highest common factor of 728 and 336?
56
What is the greatest common factor of 74 and 925?
37
Calculate the highest common divisor of 536 and 1943.
67
Calculate the highest common factor of 30 and 240.
30
Calculate the highest common factor of 24 and 72.
24
What is the greatest common factor of 56 and 1834?
14
What is the greatest common divisor of 72 and 168?
24
Calculate the greatest common factor of 48 and 30.
6
Calculate the greatest common divisor of 279 and 36.
9
What is the greatest common factor of 8 and 500?
4
C